 + 79, 158 = 11*l - 9*l - 5*j. Suppose 0 = -k + 300 - l. List the prime factors of k.
13, 17
Suppose 0 = 3*h + 2*g - 398, -2*h - 3*g + 396 = h. Suppose -86 - h = -2*k. List the prime factors of 0 + 2/(4/k).
5, 11
Let g(o) = -o. Let y(a) = 9. Let l(p) = -5*g(p) + y(p). Let x be l(-7). List the prime factors of -1*10/4*x.
5, 13
Let k = 72 + -70. Suppose 0 = z, -3*u + k*z + 364 = u. List the prime factors of u.
7, 13
Suppose 79*m - 78*m = 111. Let c be 4*-1*102/(-8). Let y = m - c. List the prime factors of y.
2, 3, 5
Let b be 4/((-16)/(-12))*(-30)/9. List the prime factors of 3 + 512 + (-3 - b - 4).
2, 7, 37
Let i = 23 - 13. Suppose z + 167 = -6*u + 7*u, 0 = 3*u + 2*z - 521. Let o = i + u. List the prime factors of o.
181
What are the prime factors of 76573 + (-19 - -21) - 22?
37, 2069
Let k = 41 + -47. Let c be (-4 + -34)/(3 + 21/k). Suppose 811 - c = 5*x. What are the prime factors of x?
3, 7
Suppose 4*h - 3*v = 8513, 3*v + 15 = -2*v. What are the prime factors of h?
2, 1063
Let s(h) = h**3 + 12*h**2 + h + 16. Let j be s(-12). Suppose -j*d + 2*d = -404. Suppose -7 = 13*a - d. List the prime factors of a.
3, 5
What are the prime factors of ((-74)/222)/(3/(-228753))?
7, 3631
Let j(a) = -a**2 - a + 6. Suppose 5*f = -3*c + 15, c = -5*f - c + 10. Let m be j(f). Suppose -20 = -5*t, m*i - t - 44 = 3*i. List the prime factors of i.
2
Suppose -2*n + 392 = 2*o, -71*o + 5*n + 940 = -66*o. List the prime factors of o.
2, 3
Let u(c) = -c**2 - 3*c + 20. Let z be u(-6). Let m be -1 - -2 - (z - (-12)/(-3)). What are the prime factors of 44 + m - (1 - 5)?
3, 17
List the prime factors of (240/480)/((-2)/(-110996)).
27749
Let s(u) = 14366*u + 866. List the prime factors of s(3).
2, 29, 379
Let v = -239 - -239. Suppose 0 = 9*h - 6*h + 4*l - 1158, v = -2*h - 3*l + 771. What are the prime factors of h?
2, 3, 5, 13
Suppose 0 = r - 78 - 280. Suppose 2*l = -3*y + r, -23*y = -28*y - 10. List the prime factors of l.
2, 7, 13
What are the prime factors of 16448*16/32 - -22?
2, 7, 19, 31
Let d(x) = -x**2 - x + 22. Let q be d(-5). Suppose -861 = -4*k - f, 0 = 2*k + 3*k - q*f - 1060. What are the prime factors of k?
2, 107
Let l = -54 + 135. Suppose 2*w - 6*k + k + 160 = 0, w = 2*k - l. Let z = 161 + w. What are the prime factors of z?
2, 19
Suppose 5*t - 34 = -9. Let f(a) = a**2 + 3*a + 39. Let q be f(-16). Suppose -2*n - 3*y = -q, 187 = -5*n + t*y + 742. List the prime factors of n.
2, 29
Let k(p) = 3*p**2 + 23*p + 36. Let b = -346 + 338. What are the prime factors of k(b)?
2, 11
Let t = 179 - 176. Suppose -5*n - 65 = -t*p, 0*n + 25 = 3*p + 5*n. What are the prime factors of p?
3, 5
Let z be 116*20/(-55) + 2/11. Let h = -39 - z. Suppose h*d = 8*d + k - 677, 532 = 4*d + 4*k. What are the prime factors of d?
2, 17
Suppose -2*f = 5*g - 23, 5*g + 3*f - 3 = 8*g. Suppose 4*p = g*i + 7*p - 1722, 4*i - 2293 = -3*p. List the prime factors of i.
571
Let l(u) = -u**3 + 3*u + 1. Let o be l(-2). Let v(i) = -59*i - 4. Let r be v(o). Let h = -102 - r. List the prime factors of h.
79
Let j(i) = i**2 - 10*i + 10. Let v = -50 - -64. List the prime factors of j(v).
2, 3, 11
Let x(m) = -m**3 - 22*m**2 - 19*m - 44. Let p(j) = -j**3 - 23*j**2 - 19*j - 44. Let o(i) = -2*p(i) + 3*x(i). List the prime factors of o(-22).
2, 11, 61
Let f(a) = 1186*a + 5. Let m be f(-1). Let d = 2317 + m. What are the prime factors of d?
2, 71
Let v(i) = -i**3 - 6*i**2 + 16*i + 2. Let j be v(-8). Suppose -j*k + 200 = 2*u, 3*k + u = 4*u + 330. Let n = k + -31. What are the prime factors of n?
2, 37
Let d = -760 + 5516. What are the prime factors of d?
2, 29, 41
Let n be (4/3)/1 + 914/3. Let o(j) = -20*j**2 - 3*j - 4. Let l be o(3). Let c = l + n. What are the prime factors of c?
113
List the prime factors of ((-6439)/3)/((-104)/624).
2, 47, 137
Let n be (7 + 13 - 6) + -8. Suppose -n*d + 19*d - 7358 = 0. What are the prime factors of d?
2, 283
Suppose -5*k = -5*g + 45, -k + 3*g + 85 = -6*k. Let h be (-1196)/28 + 4/k. Let f = 72 + h. What are the prime factors of f?
29
Let b(t) = 7*t**2 + 29*t - 112. Let s be b(9). Let n = s - 630. What are the prime factors of n?
2, 43
Let b(x) = 20*x - 20 + 22*x - 1. Let g be b(9). Suppose 0 = m + 5*p - 66, 5*m + p - 3*p - g = 0. What are the prime factors of m?
71
Let v(r) = -774*r + 1311. List the prime factors of v(-5).
3, 11, 157
Suppose 0 = 3*x + 4*q - 652 - 653, 2*q = 0. Suppose d - 2*j = -j + x, -2*d = -5*j - 882. What are the prime factors of d?
431
Let c = -202 + 216. Suppose 3936 - 13862 = -c*v. What are the prime factors of v?
709
Let q = -20083 - -23101. What are the prime factors of q?
2, 3, 503
Suppose 0 = -59*x + 80*x - 317639 - 359674. What are the prime factors of x?
3, 13, 827
Let h = -8722 + 26241. What are the prime factors of h?
17519
Suppose 184*y + 72*y - 12188672 = 0. What are the prime factors of y?
2, 11903
Suppose -492*q + 322*q + 3462560 = 0. What are the prime factors of q?
2, 19, 67
Suppose -i = 4*x - 0*i - 16, -4*x = 4*i - 28. Suppose o - 4*o = -12, x*b = -5*o + 29. Suppose 2 - 65 = -b*n. What are the prime factors of n?
3, 7
Suppose -2*y - 6 = -2, 0 = -2*g + 5*y + 66. List the prime factors of g.
2, 7
Suppose 4*y + 750 = -y + x, 0 = y - 4*x + 150. Let m = -47 - y. What are the prime factors of m?
103
Suppose -3*r - 42 - 5 = -4*f, -3*f - 3*r = -9. Suppose f*y = -176 - 424. Let z = 76 - y. What are the prime factors of z?
151
Suppose -b + 3*g = -1925 - 11739, -2*g = -4*b + 54606. What are the prime factors of b?
13649
Let x = 328 - 131. Let k = x - -198. List the prime factors of k.
5, 79
Suppose 15*f - 38 = 22. Suppose 0 = 5*q - 4*y - 1173, 3*y + 936 = f*q - y. List the prime factors of q.
3, 79
Suppose 0*c + 2*c = -3*i + 6, i = -4*c + 2. Let s be (-1 + 1 - c) + (-4 - -3). List the prime factors of s*4/18 + 2695/99.
3
What are the prime factors of (-706862)/(-104) - 5/(-4)?
2, 3, 11, 103
What are the prime factors of 514/(-18 - (-185)/10)?
2, 257
Suppose -3*u = 0, 0 = -k + 6*k + 4*u + 3375. List the prime factors of -4 + (8 - (k + -4)).
683
Let r = -21 - -24. Suppose -4*n = z - r*n - 365, 2*n - 1837 = -5*z. What are the prime factors of z?
3, 41
Let o be (-2)/((4/(-355))/(36/(-30))). Let k = 13 - o. What are the prime factors of k?
2, 113
Suppose 2*n + 10 = 48. Suppose -16*h - 1641 = -n*h. List the prime factors of h.
547
Suppose k = 200 + 452. Let j = 1166 - k. What are the prime factors of j?
2, 257
Let y = -2867 + 14990. List the prime factors of y.
3, 449
Let b = 2091 + 40073. What are the prime factors of b?
2, 83, 127
Suppose 5*j - 24121 = 2*w, -w = j - 3*j + 9649. Suppose 3*v = 5*s - j, 2*s - 4*v + 0*v - 1918 = 0. List the prime factors of s.
967
Suppose -4*s = 5*v - 26, -4*v + v - 10 = -4*s. Suppose v*f - 24 = -6*f. List the prime factors of ((-9)/(-3))/1 + (f - -2).
2
Suppose -2*n - 4*f - 4 + 0 = 0, 5*n - f = 12. Suppose -657 = 3*u - 6*u + n*b, 0 = -u - 5*b + 236. What are the prime factors of u?
13, 17
Let f(b) = 20*b**2 + 83*b + 21. List the prime factors of f(22).
11527
Let k(s) = 167*s**2 - 41*s + 189. What are the prime factors of k(4)?
3, 29, 31
Let b(d) = -2*d + 2. Let k be b(2). Let v be (-22 + k)*1*(4 - 3). What are the prime factors of (12/20 - v/(-15))*-51?
3, 17
What are the prime factors of ((-116454)/104)/(9/(-48))?
2, 1493
Suppose 110*q + 329069 = 127*q - 169728. What are the prime factors of q?
13, 37, 61
Let v be (-12)/5*(-50)/15. Let c = v - 6. Suppose -h - 3*p - p = -77, c*h + 3*p = 169. What are the prime factors of h?
89
Let z = -20 - 58. Let k = 79 + z. What are the prime factors of 233 - 4*k/(-1)?
3, 79
Let m(w) = -8*w - 76. Let l be m(-10). Suppose 500 = l*b - 1280. List the prime factors of b.
5, 89
Let o(r) = r**3 + 53*r**2 - 24*r - 538. List the prime factors of o(-46).
2, 3, 11, 233
Let y = 17798 + 28932. List the prime factors of y.
2, 5, 4673
Let k(w) = -54*w + 433. Let p = -73 + 52. List the prime factors of k(p).
1567
Let u = 784 + -784. Suppose 2164 = 4*v - 4*q - 1324, u = q + 3. What are the prime factors of v?
11, 79
Let g = -206 - -79. Let f = g + 203. List the prime factors of f.
2, 19
Suppose -5*x + 6*x = 5*p - 48316, 0 = -4*p + 3*x + 38655. List the prime factors of p.
3, 3221
Let v be 1/4 + (-398)/(-8). What are the prime factors of 8/12 - (-3)/(18/v)?
3
Suppose s - 33 = 37. Let d = -67 + s. Suppose 